{"id":7926,"date":"2021-05-13T16:06:17","date_gmt":"2021-05-13T14:06:17","guid":{"rendered":"http:\/\/referendarrat-sh.de\/?page_id=7926"},"modified":"2022-05-09T17:45:56","modified_gmt":"2022-05-09T15:45:56","slug":"das-referendariat","status":"publish","type":"page","link":"https:\/\/referendarrat-sh.de\/?page_id=7926","title":{"rendered":"Das Referendariat"},"content":{"rendered":"\n<p>Unter den folgenden Seiten findet ihr alle Informationen, die f\u00fcr euch ab Beginn des Referendariats bis zur Beendigung relevant werden. Beachtet insbesondere unsere Leitf\u00e4den, die in den jeweiligen Situationen besonders hilfreich sind.<\/p>\n\n\n\n<p><a href=\"http:\/\/referendarrat-sh.de\/?page_id=4474\">Leitf\u00e4den, Formulare, Richtlinien<\/a><\/p>\n\n\n\n<p><a href=\"http:\/\/referendarrat-sh.de\/?page_id=7811\">Sonstige Informationen<\/a><\/p>\n\n\n\n<p><a href=\"http:\/\/referendarrat-sh.de\/?page_id=4482\">Erfahrungsberichte <\/a><\/p>\n","protected":false},"excerpt":{"rendered":"<p>Unter den folgenden Seiten findet ihr alle Informationen, die f\u00fcr euch ab Beginn des Referendariats bis zur Beendigung relevant werden. Beachtet insbesondere unsere Leitf\u00e4den, die in den jeweiligen Situationen besonders hilfreich sind. Leitf\u00e4den, Formulare, Richtlinien Sonstige Informationen Erfahrungsberichte<\/p>\n","protected":false},"author":1,"featured_media":0,"parent":0,"menu_order":0,"comment_status":"closed","ping_status":"closed","template":"","meta":{"footnotes":""},"class_list":["post-7926","page","type-page","status-publish","hentry"],"_links":{"self":[{"href":"https:\/\/referendarrat-sh.de\/index.php?rest_route=\/wp\/v2\/pages\/7926","targetHints":{"allow":["GET"]}}],"collection":[{"href":"https:\/\/referendarrat-sh.de\/index.php?rest_route=\/wp\/v2\/pages"}],"about":[{"href":"https:\/\/referendarrat-sh.de\/index.php?rest_route=\/wp\/v2\/types\/page"}],"author":[{"embeddable":true,"href":"https:\/\/referendarrat-sh.de\/index.php?rest_route=\/wp\/v2\/users\/1"}],"replies":[{"embeddable":true,"href":"https:\/\/referendarrat-sh.de\/index.php?rest_route=%2Fwp%2Fv2%2Fcomments&post=7926"}],"version-history":[{"count":2,"href":"https:\/\/referendarrat-sh.de\/index.php?rest_route=\/wp\/v2\/pages\/7926\/revisions"}],"predecessor-version":[{"id":8038,"href":"https:\/\/referendarrat-sh.de\/index.php?rest_route=\/wp\/v2\/pages\/7926\/revisions\/8038"}],"wp:attachment":[{"href":"https:\/\/referendarrat-sh.de\/index.php?rest_route=%2Fwp%2Fv2%2Fmedia&parent=7926"}],"curies":[{"name":"wp","href":"https:\/\/api.w.org\/{rel}","templated":true}]}}