{"id":4495,"date":"2016-08-25T15:15:01","date_gmt":"2016-08-25T13:15:01","guid":{"rendered":"http:\/\/referendarrat-sh.de\/?page_id=3835"},"modified":"2025-08-17T13:40:17","modified_gmt":"2025-08-17T11:40:17","slug":"ausland-2","status":"publish","type":"page","link":"http:\/\/referendarrat-sh.de\/?page_id=4495","title":{"rendered":"Ausland"},"content":{"rendered":"<p>Das Referat Ausland befasst sich mit allen Fragen rund die Ableistung von Stationen im Ausland.<\/p>\n<p>Dieses Referat wird aktuell betreut von <b>Lara L\u00fcttjohann.<\/b><\/p>\n<h4>\u00a0<\/h4>\n<div><a href=\"mailto:Ausland@referendarrat-sh.de\">Ausland@referendarrat-sh.de<\/a><\/div>\n<div>\u00a0<\/div>\n\n\n<figure class=\"wp-block-image size-full is-resized\"><a href=\"http:\/\/referendarrat-sh.de\/wp-content\/uploads\/2025\/08\/Lara.jpg\"><img loading=\"lazy\" decoding=\"async\" width=\"1066\" height=\"1600\" src=\"https:\/\/referendarrat-sh.de\/wp-content\/uploads\/2025\/08\/Lara.jpg\" alt=\"\" class=\"wp-image-11317\" style=\"aspect-ratio:1;object-fit:cover;width:300px\" srcset=\"http:\/\/referendarrat-sh.de\/wp-content\/uploads\/2025\/08\/Lara.jpg 1066w, http:\/\/referendarrat-sh.de\/wp-content\/uploads\/2025\/08\/Lara-200x300.jpg 200w, http:\/\/referendarrat-sh.de\/wp-content\/uploads\/2025\/08\/Lara-682x1024.jpg 682w, http:\/\/referendarrat-sh.de\/wp-content\/uploads\/2025\/08\/Lara-768x1153.jpg 768w, http:\/\/referendarrat-sh.de\/wp-content\/uploads\/2025\/08\/Lara-1023x1536.jpg 1023w\" sizes=\"auto, (max-width: 1066px) 100vw, 1066px\" \/><\/a><\/figure>\n\n\n\n<p>F\u00fcr potentielle Interessierte:<\/p>\n\n\n\n<p><strong>Das Referat \u201eAusland\u201c<\/strong><\/p>\n\n\n\n<p>Das Auslands-Referat ist euer Ansprechpartner f\u00fcr alle Angelegenheiten rund um das Thema Auslandsstation im Rahmen des Referendariats. Viele Fragen erledigen sich zwar schon durch einen Blick in den brandaktuellen <a href=\"http:\/\/referendarrat-sh.de\/wp-content\/uploads\/2022\/05\/2021_Gr\u00fcner_Faden_Word.pdf\">Gr\u00fcnen Leitfaden<\/a>.&nbsp;Es gibt aber auch immer wieder spezielle Probleme, f\u00fcr deren L\u00f6sung ihr euch gerne an mich wenden k\u00f6nnt. Und wenn es nur eine zweite Meinung zu eurer geplanten Auslandsstation ist \u2013 ich bin gerne f\u00fcr euch da und stehe euch mit Rat und Tat zur Seite. Ein gro\u00dfer Vorteil des Referendariats in Schleswig-Holstein ist n\u00e4mlich, dass es verh\u00e4ltnism\u00e4\u00dfig viele M\u00f6glichkeiten gibt, einen Auslandsaufenthalt einzubauen. Da w\u00e4re es doch schade, wenn euch allein eure Bedenken davon abhalten w\u00fcrden, diese tolle Chance zu ergreifen.<\/p>\n","protected":false},"excerpt":{"rendered":"<p>Das Referat Ausland befasst sich mit allen Fragen rund die Ableistung von Stationen im Ausland. Dieses Referat wird aktuell betreut von Lara L\u00fcttjohann. \u00a0 Ausland@referendarrat-sh.de \u00a0 F\u00fcr potentielle Interessierte: Das Referat \u201eAusland\u201c Das Auslands-Referat ist euer Ansprechpartner f\u00fcr alle Angelegenheiten &hellip; <a href=\"http:\/\/referendarrat-sh.de\/?page_id=4495\">Weiterlesen <span class=\"meta-nav\">&rarr;<\/span><\/a><\/p>\n","protected":false},"author":1,"featured_media":0,"parent":4496,"menu_order":0,"comment_status":"closed","ping_status":"closed","template":"","meta":{"footnotes":""},"class_list":["post-4495","page","type-page","status-publish","hentry"],"_links":{"self":[{"href":"http:\/\/referendarrat-sh.de\/index.php?rest_route=\/wp\/v2\/pages\/4495","targetHints":{"allow":["GET"]}}],"collection":[{"href":"http:\/\/referendarrat-sh.de\/index.php?rest_route=\/wp\/v2\/pages"}],"about":[{"href":"http:\/\/referendarrat-sh.de\/index.php?rest_route=\/wp\/v2\/types\/page"}],"author":[{"embeddable":true,"href":"http:\/\/referendarrat-sh.de\/index.php?rest_route=\/wp\/v2\/users\/1"}],"replies":[{"embeddable":true,"href":"http:\/\/referendarrat-sh.de\/index.php?rest_route=%2Fwp%2Fv2%2Fcomments&post=4495"}],"version-history":[{"count":28,"href":"http:\/\/referendarrat-sh.de\/index.php?rest_route=\/wp\/v2\/pages\/4495\/revisions"}],"predecessor-version":[{"id":11322,"href":"http:\/\/referendarrat-sh.de\/index.php?rest_route=\/wp\/v2\/pages\/4495\/revisions\/11322"}],"up":[{"embeddable":true,"href":"http:\/\/referendarrat-sh.de\/index.php?rest_route=\/wp\/v2\/pages\/4496"}],"wp:attachment":[{"href":"http:\/\/referendarrat-sh.de\/index.php?rest_route=%2Fwp%2Fv2%2Fmedia&parent=4495"}],"curies":[{"name":"wp","href":"https:\/\/api.w.org\/{rel}","templated":true}]}}