{"id":4489,"date":"2016-08-25T15:11:26","date_gmt":"2016-08-25T13:11:26","guid":{"rendered":"http:\/\/referendarrat-sh.de\/?page_id=3822"},"modified":"2025-08-17T13:40:27","modified_gmt":"2025-08-17T11:40:27","slug":"anwalt","status":"publish","type":"page","link":"http:\/\/referendarrat-sh.de\/?page_id=4489","title":{"rendered":"Anwalt"},"content":{"rendered":"<p>In diesem Referat geht es um Fragen der Ausbildung beim Anwalt. Angesichts der nunmehr neunmonatigen Anwaltsstation und des obligatorischen Einf\u00fchrungslehrgangs zu Beginn der Station hat dieses Referat an Bedeutung gewonnen. Hier konnte der Referendarrat durchsetzen, dass der Lehrgang nunmehr nicht nur eine Einf\u00fchrung in den Anwaltsberuf bietet, sondern auch auf m\u00f6gliche Klausurgestaltungen aus anwaltlicher Sicht vorbereitet. Die Ausgestaltung der Einf\u00fchrungslehrganges ist nach wie vor eines der Hauptthemen im Referendarrat.<\/p>\n<div>Dieses Referat wird aktuell betreut von <strong>Chris Adam,<\/strong> <strong>Chiara Pinn<\/strong> und <strong>Maximilian Skendzic<\/strong>.<\/div>\n<div>\u00a0<\/div>\n<h4>\u00a0<\/h4>\n<div>\u00a0<\/div>\n<p>Chris, Chiara und Maximilian erreicht ihr unter <a href=\"mailto:Anwalt@referendarrat-sh.de\">Anwalt@referendarrat-sh.de<\/a>.<\/p>\n<p>\u00a0<\/p>\n\n\n<figure class=\"wp-block-gallery has-nested-images columns-default is-cropped wp-block-gallery-1 is-layout-flex wp-block-gallery-is-layout-flex\">\n<figure class=\"wp-block-image size-full is-style-default\"><a href=\"https:\/\/referendarrat-sh.de\/wp-content\/uploads\/2025\/08\/Chris.jpg\"><img loading=\"lazy\" decoding=\"async\" width=\"942\" height=\"798\" data-id=\"11312\" src=\"https:\/\/referendarrat-sh.de\/wp-content\/uploads\/2025\/08\/Chris.jpg\" alt=\"\" class=\"wp-image-11312\" srcset=\"http:\/\/referendarrat-sh.de\/wp-content\/uploads\/2025\/08\/Chris.jpg 942w, http:\/\/referendarrat-sh.de\/wp-content\/uploads\/2025\/08\/Chris-300x254.jpg 300w, http:\/\/referendarrat-sh.de\/wp-content\/uploads\/2025\/08\/Chris-768x651.jpg 768w, http:\/\/referendarrat-sh.de\/wp-content\/uploads\/2025\/08\/Chris-354x300.jpg 354w\" sizes=\"auto, (max-width: 942px) 100vw, 942px\" \/><\/a><\/figure>\n\n\n\n<figure class=\"wp-block-image size-full\"><a href=\"https:\/\/referendarrat-sh.de\/wp-content\/uploads\/2025\/08\/Chiara.jpg\"><img loading=\"lazy\" decoding=\"async\" width=\"1008\" height=\"1792\" data-id=\"11310\" src=\"https:\/\/referendarrat-sh.de\/wp-content\/uploads\/2025\/08\/Chiara.jpg\" alt=\"\" class=\"wp-image-11310\" srcset=\"http:\/\/referendarrat-sh.de\/wp-content\/uploads\/2025\/08\/Chiara.jpg 1008w, http:\/\/referendarrat-sh.de\/wp-content\/uploads\/2025\/08\/Chiara-169x300.jpg 169w, http:\/\/referendarrat-sh.de\/wp-content\/uploads\/2025\/08\/Chiara-576x1024.jpg 576w, http:\/\/referendarrat-sh.de\/wp-content\/uploads\/2025\/08\/Chiara-768x1365.jpg 768w, http:\/\/referendarrat-sh.de\/wp-content\/uploads\/2025\/08\/Chiara-864x1536.jpg 864w\" sizes=\"auto, (max-width: 1008px) 100vw, 1008px\" \/><\/a><\/figure>\n\n\n\n<figure class=\"wp-block-image size-full\"><a href=\"https:\/\/referendarrat-sh.de\/wp-content\/uploads\/2025\/08\/Maximilian-scaled.jpg\"><img loading=\"lazy\" decoding=\"async\" width=\"1920\" height=\"2560\" data-id=\"11309\" src=\"https:\/\/referendarrat-sh.de\/wp-content\/uploads\/2025\/08\/Maximilian-scaled.jpg\" alt=\"\" class=\"wp-image-11309\" srcset=\"http:\/\/referendarrat-sh.de\/wp-content\/uploads\/2025\/08\/Maximilian-scaled.jpg 1920w, http:\/\/referendarrat-sh.de\/wp-content\/uploads\/2025\/08\/Maximilian-225x300.jpg 225w, http:\/\/referendarrat-sh.de\/wp-content\/uploads\/2025\/08\/Maximilian-768x1024.jpg 768w, http:\/\/referendarrat-sh.de\/wp-content\/uploads\/2025\/08\/Maximilian-1152x1536.jpg 1152w, http:\/\/referendarrat-sh.de\/wp-content\/uploads\/2025\/08\/Maximilian-1536x2048.jpg 1536w\" sizes=\"auto, (max-width: 1920px) 100vw, 1920px\" \/><\/a><\/figure>\n<\/figure>\n\n\n\n<p>Beschreibung f\u00fcr potentielle Interessierte:<\/p>\n\n\n\n<p>Im Referat &#8222;Anwalt&#8220; setzt Ihr euch f\u00fcr alle Belange ein, die die mittlerweile neunmonatige Anwaltsstation betreffen. Dabei kann euer Engagement von der Verbesserung der Ausbildungsbedingungen im Einf\u00fchrungslehrgang \u00fcber die Anpassung der Klausurenpraxis an die zunehmend anwaltlichen Aufgabenstellung im Examen bis hin zur Etablierung besonderer Seminare mit betriebswirtschaftlichem Bezug reichen. Durch die verh\u00e4ltnism\u00e4\u00dfig hohe Dauer dieser Station sowie die enorm gestiegene Examensrelevanz der Anwaltsklausur besteht hier weiterhin gro\u00dfes Potenzial, die Station noch ausbildungsfreundlicher zu gestalten. In der Umsetzung der W\u00fcnsche eurer Kolleg:innen seid Ihr weitestgehend frei und habt so die M\u00f6glichkeit, direkt Einfluss auf die Qualit\u00e4t der Ausbildung zu nehmen.<\/p>\n\n\n\n<p><\/p>\n","protected":false},"excerpt":{"rendered":"<p>In diesem Referat geht es um Fragen der Ausbildung beim Anwalt. Angesichts der nunmehr neunmonatigen Anwaltsstation und des obligatorischen Einf\u00fchrungslehrgangs zu Beginn der Station hat dieses Referat an Bedeutung gewonnen. Hier konnte der Referendarrat durchsetzen, dass der Lehrgang nunmehr nicht &hellip; <a href=\"http:\/\/referendarrat-sh.de\/?page_id=4489\">Weiterlesen <span class=\"meta-nav\">&rarr;<\/span><\/a><\/p>\n","protected":false},"author":1,"featured_media":0,"parent":4496,"menu_order":0,"comment_status":"closed","ping_status":"closed","template":"","meta":{"footnotes":""},"class_list":["post-4489","page","type-page","status-publish","hentry"],"_links":{"self":[{"href":"http:\/\/referendarrat-sh.de\/index.php?rest_route=\/wp\/v2\/pages\/4489","targetHints":{"allow":["GET"]}}],"collection":[{"href":"http:\/\/referendarrat-sh.de\/index.php?rest_route=\/wp\/v2\/pages"}],"about":[{"href":"http:\/\/referendarrat-sh.de\/index.php?rest_route=\/wp\/v2\/types\/page"}],"author":[{"embeddable":true,"href":"http:\/\/referendarrat-sh.de\/index.php?rest_route=\/wp\/v2\/users\/1"}],"replies":[{"embeddable":true,"href":"http:\/\/referendarrat-sh.de\/index.php?rest_route=%2Fwp%2Fv2%2Fcomments&post=4489"}],"version-history":[{"count":29,"href":"http:\/\/referendarrat-sh.de\/index.php?rest_route=\/wp\/v2\/pages\/4489\/revisions"}],"predecessor-version":[{"id":11323,"href":"http:\/\/referendarrat-sh.de\/index.php?rest_route=\/wp\/v2\/pages\/4489\/revisions\/11323"}],"up":[{"embeddable":true,"href":"http:\/\/referendarrat-sh.de\/index.php?rest_route=\/wp\/v2\/pages\/4496"}],"wp:attachment":[{"href":"http:\/\/referendarrat-sh.de\/index.php?rest_route=%2Fwp%2Fv2%2Fmedia&parent=4489"}],"curies":[{"name":"wp","href":"https:\/\/api.w.org\/{rel}","templated":true}]}}

<p>In diesem Referat geht es um Fragen der Ausbildung beim Anwalt. Angesichts der nunmehr neunmonatigen Anwaltsstation und des obligatorischen Einführungslehrgangs zu Beginn der Station hat dieses Referat an Bedeutung gewonnen. Hier konnte der Referendarrat durchsetzen, dass der Lehrgang nunmehr nicht nur eine Einführung in den Anwaltsberuf bietet, sondern auch auf mögliche Klausurgestaltungen aus anwaltlicher Sicht vorbereitet. Die Ausgestaltung der Einführungslehrganges ist nach wie vor eines der Hauptthemen im Referendarrat.</p>
<div>Dieses Referat wird aktuell betreut von <strong>Chris Adam,</strong> <strong>Chiara Pinn</strong> und <strong>Maximilian Skendzic</strong>.</div>
<div> </div>
<h4> </h4>
<div> </div>
<p>Chris, Chiara und Maximilian erreicht ihr unter <a href="mailto:Anwalt@referendarrat-sh.de">Anwalt@referendarrat-sh.de</a>.</p>
<p> </p>


<figure class="wp-block-gallery has-nested-images columns-default is-cropped wp-block-gallery-1 is-layout-flex wp-block-gallery-is-layout-flex">
<figure class="wp-block-image size-full is-style-default"><a href="https://referendarrat-sh.de/wp-content/uploads/2025/08/Chris.jpg"><img loading="lazy" decoding="async" width="942" height="798" data-id="11312" src="https://referendarrat-sh.de/wp-content/uploads/2025/08/Chris.jpg" alt="" class="wp-image-11312" srcset="http://referendarrat-sh.de/wp-content/uploads/2025/08/Chris.jpg 942w, http://referendarrat-sh.de/wp-content/uploads/2025/08/Chris-300x254.jpg 300w, http://referendarrat-sh.de/wp-content/uploads/2025/08/Chris-768x651.jpg 768w, http://referendarrat-sh.de/wp-content/uploads/2025/08/Chris-354x300.jpg 354w" sizes="auto, (max-width: 942px) 100vw, 942px" /></a></figure>



<figure class="wp-block-image size-full"><a href="https://referendarrat-sh.de/wp-content/uploads/2025/08/Chiara.jpg"><img loading="lazy" decoding="async" width="1008" height="1792" data-id="11310" src="https://referendarrat-sh.de/wp-content/uploads/2025/08/Chiara.jpg" alt="" class="wp-image-11310" srcset="http://referendarrat-sh.de/wp-content/uploads/2025/08/Chiara.jpg 1008w, http://referendarrat-sh.de/wp-content/uploads/2025/08/Chiara-169x300.jpg 169w, http://referendarrat-sh.de/wp-content/uploads/2025/08/Chiara-576x1024.jpg 576w, http://referendarrat-sh.de/wp-content/uploads/2025/08/Chiara-768x1365.jpg 768w, http://referendarrat-sh.de/wp-content/uploads/2025/08/Chiara-864x1536.jpg 864w" sizes="auto, (max-width: 1008px) 100vw, 1008px" /></a></figure>



<figure class="wp-block-image size-full"><a href="https://referendarrat-sh.de/wp-content/uploads/2025/08/Maximilian-scaled.jpg"><img loading="lazy" decoding="async" width="1920" height="2560" data-id="11309" src="https://referendarrat-sh.de/wp-content/uploads/2025/08/Maximilian-scaled.jpg" alt="" class="wp-image-11309" srcset="http://referendarrat-sh.de/wp-content/uploads/2025/08/Maximilian-scaled.jpg 1920w, http://referendarrat-sh.de/wp-content/uploads/2025/08/Maximilian-225x300.jpg 225w, http://referendarrat-sh.de/wp-content/uploads/2025/08/Maximilian-768x1024.jpg 768w, http://referendarrat-sh.de/wp-content/uploads/2025/08/Maximilian-1152x1536.jpg 1152w, http://referendarrat-sh.de/wp-content/uploads/2025/08/Maximilian-1536x2048.jpg 1536w" sizes="auto, (max-width: 1920px) 100vw, 1920px" /></a></figure>
</figure>



<p>Beschreibung für potentielle Interessierte:</p>



<p>Im Referat &#8222;Anwalt&#8220; setzt Ihr euch für alle Belange ein, die die mittlerweile neunmonatige Anwaltsstation betreffen. Dabei kann euer Engagement von der Verbesserung der Ausbildungsbedingungen im Einführungslehrgang über die Anpassung der Klausurenpraxis an die zunehmend anwaltlichen Aufgabenstellung im Examen bis hin zur Etablierung besonderer Seminare mit betriebswirtschaftlichem Bezug reichen. Durch die verhältnismäßig hohe Dauer dieser Station sowie die enorm gestiegene Examensrelevanz der Anwaltsklausur besteht hier weiterhin großes Potenzial, die Station noch ausbildungsfreundlicher zu gestalten. In der Umsetzung der Wünsche eurer Kolleg:innen seid Ihr weitestgehend frei und habt so die Möglichkeit, direkt Einfluss auf die Qualität der Ausbildung zu nehmen.</p>



<p></p>

<p>In diesem Referat geht es um Fragen der Ausbildung beim Anwalt. Angesichts der nunmehr neunmonatigen Anwaltsstation und des obligatorischen Einführungslehrgangs zu Beginn der Station hat dieses Referat an Bedeutung gewonnen. Hier konnte der Referendarrat durchsetzen, dass der Lehrgang nunmehr nicht &hellip; <a href="http://referendarrat-sh.de/?page_id=4489">Weiterlesen <span class="meta-nav">&rarr;</span></a></p>
